digit of 81621?
1
What is the tens digit of 843893?
9
What is the millions digit of 29040360?
9
What is the units digit of 60052?
2
What is the tens digit of 5850842?
4
What is the ten thousands digit of 1679964?
7
What is the thousands digit of 628726?
8
What is the units digit of 1770726?
6
What is the hundred thousands digit of 16976922?
9
What is the units digit of 887770?
0
What is the ten millions digit of 14450495?
1
What is the hundreds digit of 7210786?
7
What is the hundred thousands digit of 15873130?
8
What is the ten thousands digit of 1098981?
9
What is the hundreds digit of 518118?
1
What is the millions digit of 1156813?
1
What is the hundred thousands digit of 22279011?
2
What is the ten thousands digit of 720427?
2
What is the thousands digit of 1382384?
2
What is the thousands digit of 368779?
8
What is the tens digit of 10326410?
1
What is the hundreds digit of 1027054?
0
What is the units digit of 279361?
1
What is the thousands digit of 747159?
7
What is the thousands digit of 765697?
5
What is the units digit of 8791705?
5
What is the millions digit of 1887827?
1
What is the tens digit of 1902676?
7
What is the hundreds digit of 704577?
5
What is the hundreds digit of 548506?
5
What is the units digit of 23875368?
8
What is the tens digit of 699654?
5
What is the tens digit of 1597?
9
What is the hundreds digit of 19517130?
1
What is the tens digit of 567586?
8
What is the hundreds digit of 106189?
1
What is the units digit of 403392?
2
What is the ten thousands digit of 1859632?
5
What is the units digit of 203172?
2
What is the units digit of 2061127?
7
What is the millions digit of 1141553?
1
What is the tens digit of 87568?
6
What is the ten thousands digit of 9200570?
0
What is the units digit of 160677?
7
What is the units digit of 185172?
2
What is the ten thousands digit of 84519?
8
What is the ten thousands digit of 31570?
3
What is the hundreds digit of 705349?
3
What is the hundred thousands digit of 724279?
7
What is the units digit of 6769737?
7
What is the ten thousands digit of 7838949?
3
What is the tens digit of 423723?
2
What is the ten thousands digit of 267380?
6
What is the millions digit of 4194756?
4
What is the hundreds digit of 140778?
7
What is the thousands digit of 3031429?
1
What is the hundreds digit of 6791?
7
What is the hundred thousands digit of 1250212?
2
What is the hundreds digit of 387705?
7
What is the hundred thousands digit of 693693?
6
What is the hundreds digit of 1768727?
7
What is the units digit of 1486744?
4
What is the tens digit of 175792?
9
What is the hundred thousands digit of 4458000?
4
What is the millions digit of 12667438?
2
What is the hundreds digit of 745517?
5
What is the hundred thousands digit of 4455085?
4
What is the units digit of 880827?
7
What is the hundreds digit of 7293015?
0
What is the ten thousands digit of 475515?
7
What is the millions digit of 1999635?
1
What is the hundreds digit of 192810?
8
What is the hundred thousands digit of 203508?
2
What is the hundreds digit of 6626113?
1
What is the millions digit of 2380118?
2
What is the ten thousands digit of 5725580?
2
What is the hundreds digit of 1338641?
6
What is the ten thousands digit of 8755112?
5
What is the thousands digit of 2494998?
4
What is the hundreds digit of 12413692?
6
What is the thousands digit of 36771?
6
What is the millions digit of 2823359?
2
What is the hundreds digit of 2662232?
2
What is the thousands digit of 234428?
4
What is the hundred thousands digit of 135019?
1
What is the ten thousands digit of 4114594?
1
What is the thousands digit of 321053?
1
What is the ten thousands digit of 17529?
1
What is the units digit of 239365?
5
What is the hundreds digit of 11721234?
2
What is the thousands digit of 300327?
0
What is the tens digit of 893213?
1
What is the ten millions digit of 33768770?
3
What is the hundred thousands digit of 692726?
6
What is the hundreds digit of 368562?
5
What is the hundreds digit of 826034?
0
What is the thousands digit of 383800?
3
What is the hundreds digit of 5818846?
8
What is the tens digit of 332258?
5
What is the ten thousands digit of 473614?
7
What is the tens digit of 8394182?
8
What is the hundred thousands digit of 3058414?
0
What is the units digit of 7540?
0
What is the millions digit of 2647045?
2
What is the hundred thousands digit of 979734?
9
What is the tens digit of 1387512?
1
What is the units digit of 1245637?
7
What is the hundreds digit of 1712415?
4
What is the units digit of 542730?
0
What is the ten millions digit of 19915284?
1
What is the tens digit of 1591495?
9
What is the ten millions digit of 20905064?
2
What is the ten thousands digit of 34607915?
0
What is the thousands digit of 150024?
0
What is the units digit of 1768700?
0
What is the thousands digit of 2063327?
3
What is the millions digit of 2882365?
2
What is the hundred thousands digit of 11883886?
8
What is the thousands digit of 1466?
1
What is the ten thousands digit of 4861598?
6
What is the thousands digit of 228004?
8
What is the hundred thousands digit of 575441?
5
What is the tens digit of 212907?
0
What is the millions digit of 1563735?
1
What is the units digit of 3624781?
1
What is the millions digit of 8245207?
8
What is the units digit of 1443562?
2
What is the tens digit of 66607?
0
What is the tens digit of 14688822?
2
What is the hundreds digit of 26196191?
1
What is the thousands digit of 721580?
1
What is the ten thousands digit of 19534615?
3
What is the tens digit of 1074763?
6
What is the thousands digit of 293663?
3
What is the thousands digit of 93722?
3
What is the thousands digit of 520945?
0
What is the thousands digit of 1357384?
7
What is the ten thousands digit of 77570?
7
What is the units digit of 16288375?
5
What is the tens digit of 3393343?
4
What is the tens digit of 307925?
2
What is the tens digit of 2549430?
3
What is the ten thousands digit of 6687027?
8
What is the hundreds digit of 24331260?
2
What is the millions digit of 11042291?
1
What is the thousands digit of 800714?
0
What is the ten thousands digit of 11717631?
1
What is the tens digit of 12844813?
1
What is the hundred thousands digit of 228348?
2
What is the thousands digit of 436848?
6
What is the hundreds digit of 617648?
6
What is the thousands digit of 2498668?
8
What is the ten millions digit of 23560611?
2
What is the tens digit of 12806436?
3
What is the units digit of 8565266?
6
What is the ten thousands digit of 426591?
2
What is the hundred thousands digit of 300551?
3
What is the thousands digit of 1231329?
1
What is the tens digit of 185228?
2
What is the hundreds digit of 4754898?
8
What is the hundred thousands digit of 5650841?
6
What is the ten thousands digit of 1081622?
8
What is the tens digit of 1705699?
9
What is the units digit of 8755899?
9
What is the tens digit of 833261?
6
What is the units digit of 68794?
4
What is the ten thousands digit of 555928?
5
What is the tens digit of 227840?
4
What is the units digit of 4290832?
2
What is the tens digit of 28971?
7
What is the ten thousands digit of 467710?
6
What is the thousands digit of 92510?
2
What is the hundreds digit of 10051607?
6
What is the ten thousands digit of 2684109?
8
What is the hundreds digit of 50352?
3
What is the tens digit of 22665212?
1
What is the ten thousands digit of 4271387?
7
What is the hundred thousands digit of 1346167?
3
What is the thousands digit of 2156633?
6
What is the tens digit of 2729398?
9
What is the tens digit of 572582?
8
What is the hundred thousands digit of 245092?
2
What is the ten thousands digit of 1216801?
1
What is the thousands digit of 9115587?
5
What is the ten thousands digit of 1173143?
7
What is the units digit of 435152?
2
What is the hundreds digit of 3424190?
1
What is the hundred thousands digit of 939918?
9
What is the hundreds digit of 221593?
5
What is the units digit of 4084147?
7
What is the tens digit of 828179?
7
What is the tens digit of 9421719?
1
What is the units digit of 431097?
7
What is the units digit of 1450635?
5
What is the thousands digit of 7965371?
5
What is the hundreds digit of 556880?
8
What is the units digit of 153852?
2
What is the tens digit of 1253863?
6
What is the millions digit of 28